{"id":515,"date":"2023-06-28T22:46:33","date_gmt":"2023-06-28T20:46:33","guid":{"rendered":"https:\/\/dexeg.de\/dev\/butzbach\/?page_id=515"},"modified":"2023-07-13T09:07:37","modified_gmt":"2023-07-13T07:07:37","slug":"newsletter","status":"publish","type":"page","link":"https:\/\/dexeg.de\/dev\/butzbach\/newsletter\/","title":{"rendered":"Newsletter"},"content":{"rendered":"<p>[et_pb_section fb_built=&#8220;1&#8243; _builder_version=&#8220;4.21.0&#8243; _module_preset=&#8220;default&#8220; global_colors_info=&#8220;{}&#8220;][et_pb_row _builder_version=&#8220;4.21.0&#8243; _module_preset=&#8220;default&#8220; hover_enabled=&#8220;0&#8243; global_colors_info=&#8220;{}&#8220; module_class=&#8220;content-small&#8220; module_id=&#8220;content-small&#8220; sticky_enabled=&#8220;0&#8243;][et_pb_column type=&#8220;4_4&#8243; _builder_version=&#8220;4.21.0&#8243; _module_preset=&#8220;default&#8220; global_colors_info=&#8220;{}&#8220;][et_pb_text _builder_version=&#8220;4.21.0&#8243; _module_preset=&#8220;default&#8220; global_colors_info=&#8220;{}&#8220;]<\/p>\n<h1>butzbach.de \u2013 Newsletter<\/h1>\n<p>[\/et_pb_text][et_pb_text _builder_version=&#8220;4.21.0&#8243; _module_preset=&#8220;default&#8220; hover_enabled=&#8220;0&#8243; global_colors_info=&#8220;{}&#8220; sticky_enabled=&#8220;0&#8243;]<\/p>\n<h3>Mit unserem E-Mail-Newsletter erhalten Sie die neusten Ver\u00f6ffentlichungen auf der st\u00e4dtischen Webseite bequem in Ihr Postfach.<span class=\"ez-toc-section-end\"><\/span><\/h3>\n<p>Bitte f\u00fcllen Sie dazu die folgenden Felder aus und klicken Sie dann auf \u201eAbsenden\u201c. Sie erhalten im Anschluss einen Best\u00e4tigungslink per E-Mail. Der Versand des Newsletters erfolgt einmal t\u00e4glich, sofern es neue Beitr\u00e4ge gibt. Selbstverst\u00e4ndlich k\u00f6nnen Sie den Newsletter jederzeit wieder abbestellen.<\/p>\n<p>[\/et_pb_text][et_pb_text _builder_version=&#8220;4.21.0&#8243; _module_preset=&#8220;default&#8220; hover_enabled=&#8220;0&#8243; global_colors_info=&#8220;{}&#8220; sticky_enabled=&#8220;0&#8243;]<\/p>\n<p style=\"text-align: center;\"><code>  \n  \n  <div class=\"\n    mailpoet_form_popup_overlay\n      \"><\/div>\n  <div\n    id=\"mailpoet_form_1\"\n    class=\"\n      mailpoet_form\n      mailpoet_form_shortcode\n      mailpoet_form_position_\n      mailpoet_form_animation_\n    \"\n      >\n\n    <style type=\"text\/css\">\n     #mailpoet_form_1 .mailpoet_form {  }\n#mailpoet_form_1 .mailpoet_column_with_background { padding: 10px; }\n#mailpoet_form_1 .mailpoet_form_column:not(:first-child) { margin-left: 20px; }\n#mailpoet_form_1 .mailpoet_paragraph { line-height: 20px; margin-bottom: 20px; }\n#mailpoet_form_1 .mailpoet_segment_label, #mailpoet_form_1 .mailpoet_text_label, #mailpoet_form_1 .mailpoet_textarea_label, #mailpoet_form_1 .mailpoet_select_label, #mailpoet_form_1 .mailpoet_radio_label, #mailpoet_form_1 .mailpoet_checkbox_label, #mailpoet_form_1 .mailpoet_list_label, #mailpoet_form_1 .mailpoet_date_label { display: block; font-weight: normal; }\n#mailpoet_form_1 .mailpoet_text, #mailpoet_form_1 .mailpoet_textarea, #mailpoet_form_1 .mailpoet_select, #mailpoet_form_1 .mailpoet_date_month, #mailpoet_form_1 .mailpoet_date_day, #mailpoet_form_1 .mailpoet_date_year, #mailpoet_form_1 .mailpoet_date { display: block; }\n#mailpoet_form_1 .mailpoet_text, #mailpoet_form_1 .mailpoet_textarea { width: 200px; }\n#mailpoet_form_1 .mailpoet_checkbox {  }\n#mailpoet_form_1 .mailpoet_submit {  }\n#mailpoet_form_1 .mailpoet_divider {  }\n#mailpoet_form_1 .mailpoet_message {  }\n#mailpoet_form_1 .mailpoet_form_loading { width: 30px; text-align: center; line-height: normal; }\n#mailpoet_form_1 .mailpoet_form_loading > span { width: 5px; height: 5px; background-color: #5b5b5b; }#mailpoet_form_1{border: 0px solid #cf2e2e;border-radius: 0px;background: #ffffff;color: #000000;text-align: left;}#mailpoet_form_1 form.mailpoet_form {padding: 0px;}#mailpoet_form_1{width: 486px;}#mailpoet_form_1 .mailpoet_message {margin: 0; padding: 0 20px;}#mailpoet_form_1 .mailpoet_paragraph.last {margin-bottom: 0} @media (max-width: 500px) {#mailpoet_form_1 {background: #ffffff;}} @media (min-width: 500px) {#mailpoet_form_1 .last .mailpoet_paragraph:last-child {margin-bottom: 0}}  @media (max-width: 500px) {#mailpoet_form_1 .mailpoet_form_column:last-child .mailpoet_paragraph:last-child {margin-bottom: 0}} \n    <\/style>\n\n    <form\n      target=\"_self\"\n      method=\"post\"\n      action=\"https:\/\/dexeg.de\/dev\/butzbach\/wp-admin\/admin-post.php?action=mailpoet_subscription_form\"\n      class=\"mailpoet_form mailpoet_form_form mailpoet_form_shortcode\"\n      novalidate\n      data-delay=\"\"\n      data-exit-intent-enabled=\"\"\n      data-font-family=\"\"\n      data-cookie-expiration-time=\"\"\n    >\n      <input type=\"hidden\" name=\"data[form_id]\" value=\"1\" \/>\n      <input type=\"hidden\" name=\"token\" value=\"3179e2bc78\" \/>\n      <input type=\"hidden\" name=\"api_version\" value=\"v1\" \/>\n      <input type=\"hidden\" name=\"endpoint\" value=\"subscribers\" \/>\n      <input type=\"hidden\" name=\"mailpoet_method\" value=\"subscribe\" \/>\n\n      <label class=\"mailpoet_hp_email_label\" style=\"display: none !important;\">Bitte dieses Feld leer lassen<input type=\"email\" name=\"data[email]\"\/><\/label><div class=\"mailpoet_paragraph \"><label for=\"form_first_name_1\" class=\"mailpoet-screen-reader-text\" style=\"font-size: 16px;line-height: 1.2;\" data-automation-id=\"form_first_name_label\" >Vorname<\/label><input type=\"text\" autocomplete=\"given-name\" class=\"mailpoet_text\" id=\"form_first_name_1\" name=\"data[form_field_MmE3YjM5YWVkMjdmX2ZpcnN0X25hbWU=]\" title=\"Vorname\" value=\"\" style=\"width:100%;box-sizing:border-box;padding:5px;margin: 0 auto 0 0;font-size:16px;line-height:1.5;height:auto;\" data-automation-id=\"form_first_name\"  placeholder=\"Vorname\" data-parsley-errors-container=\".mailpoet_error_1b2mj\" data-parsley-names='[&quot;Bitte gib einen g\\u00fcltigen Namen an.&quot;,&quot;Adressen in Namen sind nicht erlaubt, bitte f\\u00fcge stattdessen deinen Namen hinzu.&quot;]'\/><span class=\"mailpoet_error_1b2mj\"><\/span><\/div>\n<div class=\"mailpoet_paragraph \"><label for=\"form_last_name_1\" class=\"mailpoet-screen-reader-text\" style=\"font-size: 16px;line-height: 1.2;\" data-automation-id=\"form_last_name_label\" >Nachname<\/label><input type=\"text\" autocomplete=\"family-name\" class=\"mailpoet_text\" id=\"form_last_name_1\" name=\"data[form_field_MDM5YjA3ZWUxMGZlX2xhc3RfbmFtZQ==]\" title=\"Nachname\" value=\"\" style=\"width:100%;box-sizing:border-box;padding:5px;margin: 0 auto 0 0;font-size:16px;line-height:1.5;height:auto;\" data-automation-id=\"form_last_name\"  placeholder=\"Nachname\" data-parsley-errors-container=\".mailpoet_error_r7lhq\" data-parsley-names='[&quot;Bitte gib einen g\\u00fcltigen Namen an.&quot;,&quot;Adressen in Namen sind nicht erlaubt, bitte f\\u00fcge stattdessen deinen Namen hinzu.&quot;]'\/><span class=\"mailpoet_error_r7lhq\"><\/span><\/div>\n<div class=\"mailpoet_paragraph \"><label for=\"form_email_1\" class=\"mailpoet-screen-reader-text\" style=\"font-size: 16px;line-height: 1.2;\" data-automation-id=\"form_email_label\" >E-Mail-Adresse <span class=\"mailpoet_required\">*<\/span><\/label><input type=\"email\" autocomplete=\"email\" class=\"mailpoet_text\" id=\"form_email_1\" name=\"data[form_field_Njg3MGJiOTE3NjM2X2VtYWls]\" title=\"E-Mail-Adresse\" value=\"\" style=\"width:100%;box-sizing:border-box;padding:5px;margin: 0 auto 0 0;font-size:16px;line-height:1.5;height:auto;\" data-automation-id=\"form_email\"  placeholder=\"E-Mail-Adresse *\" data-parsley-errors-container=\".mailpoet_error_1pldw\" data-parsley-required=\"true\" data-parsley-minlength=\"6\" data-parsley-maxlength=\"150\" data-parsley-type-message=\"Dieser Wert sollte eine g\u00fcltige E-Mail-Adresse sein.\" data-parsley-required-message=\"Dieses Feld wird ben\u00f6tigt.\"\/><span class=\"mailpoet_error_1pldw\"><\/span><\/div>\n<div class=\"mailpoet_paragraph \"><input type=\"submit\" class=\"mailpoet_submit\" value=\"Abonnieren!\" data-automation-id=\"subscribe-submit-button\" style=\"width:100%;box-sizing:border-box;padding:5px;margin: 0 auto 0 0;font-size:16px;line-height:1.5;height:auto;border-color:transparent;\" \/><span class=\"mailpoet_form_loading\"><span class=\"mailpoet_bounce1\"><\/span><span class=\"mailpoet_bounce2\"><\/span><span class=\"mailpoet_bounce3\"><\/span><\/span><\/div>\n\n      <div class=\"mailpoet_message\">\n        <p class=\"mailpoet_validate_success\"\n                style=\"display:none;\"\n                >Pr\u00fcfe deinen Posteingang oder Spam-Ordner, um dein Abonnement zu best\u00e4tigen.\n        <\/p>\n        <p class=\"mailpoet_validate_error\"\n                style=\"display:none;\"\n                >        <\/p>\n      <\/div>\n    <\/form>\n\n      <\/div>\n\n  <\/code><\/p>\n<p>[\/et_pb_text][\/et_pb_column][\/et_pb_row][\/et_pb_section]<\/p>\n","protected":false},"excerpt":{"rendered":"<p>butzbach.de \u2013 NewsletterMit unserem E-Mail-Newsletter erhalten Sie die neusten Ver\u00f6ffentlichungen auf der st\u00e4dtischen Webseite bequem in Ihr Postfach. Bitte f\u00fcllen Sie dazu die folgenden Felder aus und klicken Sie dann auf \u201eAbsenden\u201c. Sie erhalten im Anschluss einen Best\u00e4tigungslink per E-Mail. Der Versand des Newsletters erfolgt einmal t\u00e4glich, sofern es neue Beitr\u00e4ge gibt. Selbstverst\u00e4ndlich k\u00f6nnen Sie [&hellip;]<\/p>\n","protected":false},"author":1,"featured_media":0,"parent":0,"menu_order":0,"comment_status":"closed","ping_status":"closed","template":"","meta":{"_et_pb_use_builder":"on","_et_pb_old_content":"","_et_gb_content_width":"","footnotes":""},"class_list":["post-515","page","type-page","status-publish","hentry"],"yoast_head":"<!-- This site is optimized with the Yoast SEO plugin v23.4 - https:\/\/yoast.com\/wordpress\/plugins\/seo\/ -->\n<title>Newsletter - Butzbach<\/title>\n<meta name=\"robots\" content=\"index, follow, max-snippet:-1, max-image-preview:large, max-video-preview:-1\" \/>\n<link rel=\"canonical\" href=\"https:\/\/dexeg.de\/dev\/butzbach\/newsletter\/\" \/>\n<meta property=\"og:locale\" content=\"de_DE\" \/>\n<meta property=\"og:type\" content=\"article\" \/>\n<meta property=\"og:title\" content=\"Newsletter - Butzbach\" \/>\n<meta property=\"og:description\" content=\"butzbach.de \u2013 NewsletterMit unserem E-Mail-Newsletter erhalten Sie die neusten Ver\u00f6ffentlichungen auf der st\u00e4dtischen Webseite bequem in Ihr Postfach. Bitte f\u00fcllen Sie dazu die folgenden Felder aus und klicken Sie dann auf \u201eAbsenden\u201c. Sie erhalten im Anschluss einen Best\u00e4tigungslink per E-Mail. Der Versand des Newsletters erfolgt einmal t\u00e4glich, sofern es neue Beitr\u00e4ge gibt. Selbstverst\u00e4ndlich k\u00f6nnen Sie [&hellip;]\" \/>\n<meta property=\"og:url\" content=\"https:\/\/dexeg.de\/dev\/butzbach\/newsletter\/\" \/>\n<meta property=\"og:site_name\" content=\"Butzbach\" \/>\n<meta property=\"article:modified_time\" content=\"2023-07-13T07:07:37+00:00\" \/>\n<meta name=\"twitter:card\" content=\"summary_large_image\" \/>\n<script type=\"application\/ld+json\" class=\"yoast-schema-graph\">{\"@context\":\"https:\/\/schema.org\",\"@graph\":[{\"@type\":\"WebPage\",\"@id\":\"https:\/\/dexeg.de\/dev\/butzbach\/newsletter\/\",\"url\":\"https:\/\/dexeg.de\/dev\/butzbach\/newsletter\/\",\"name\":\"Newsletter - Butzbach\",\"isPartOf\":{\"@id\":\"https:\/\/dexeg.de\/dev\/butzbach\/#website\"},\"datePublished\":\"2023-06-28T20:46:33+00:00\",\"dateModified\":\"2023-07-13T07:07:37+00:00\",\"breadcrumb\":{\"@id\":\"https:\/\/dexeg.de\/dev\/butzbach\/newsletter\/#breadcrumb\"},\"inLanguage\":\"de\",\"potentialAction\":[{\"@type\":\"ReadAction\",\"target\":[\"https:\/\/dexeg.de\/dev\/butzbach\/newsletter\/\"]}]},{\"@type\":\"BreadcrumbList\",\"@id\":\"https:\/\/dexeg.de\/dev\/butzbach\/newsletter\/#breadcrumb\",\"itemListElement\":[{\"@type\":\"ListItem\",\"position\":1,\"name\":\"Butzbach\",\"item\":\"https:\/\/dexeg.de\/dev\/butzbach\/\"},{\"@type\":\"ListItem\",\"position\":2,\"name\":\"Newsletter\"}]},{\"@type\":\"WebSite\",\"@id\":\"https:\/\/dexeg.de\/dev\/butzbach\/#website\",\"url\":\"https:\/\/dexeg.de\/dev\/butzbach\/\",\"name\":\"Butzbach\",\"description\":\"#weidigstadt\",\"potentialAction\":[{\"@type\":\"SearchAction\",\"target\":{\"@type\":\"EntryPoint\",\"urlTemplate\":\"https:\/\/dexeg.de\/dev\/butzbach\/?s={search_term_string}\"},\"query-input\":{\"@type\":\"PropertyValueSpecification\",\"valueRequired\":true,\"valueName\":\"search_term_string\"}}],\"inLanguage\":\"de\"}]}<\/script>\n<!-- \/ Yoast SEO plugin. -->","yoast_head_json":{"title":"Newsletter - Butzbach","robots":{"index":"index","follow":"follow","max-snippet":"max-snippet:-1","max-image-preview":"max-image-preview:large","max-video-preview":"max-video-preview:-1"},"canonical":"https:\/\/dexeg.de\/dev\/butzbach\/newsletter\/","og_locale":"de_DE","og_type":"article","og_title":"Newsletter - Butzbach","og_description":"butzbach.de \u2013 NewsletterMit unserem E-Mail-Newsletter erhalten Sie die neusten Ver\u00f6ffentlichungen auf der st\u00e4dtischen Webseite bequem in Ihr Postfach. Bitte f\u00fcllen Sie dazu die folgenden Felder aus und klicken Sie dann auf \u201eAbsenden\u201c. Sie erhalten im Anschluss einen Best\u00e4tigungslink per E-Mail. Der Versand des Newsletters erfolgt einmal t\u00e4glich, sofern es neue Beitr\u00e4ge gibt. Selbstverst\u00e4ndlich k\u00f6nnen Sie [&hellip;]","og_url":"https:\/\/dexeg.de\/dev\/butzbach\/newsletter\/","og_site_name":"Butzbach","article_modified_time":"2023-07-13T07:07:37+00:00","twitter_card":"summary_large_image","schema":{"@context":"https:\/\/schema.org","@graph":[{"@type":"WebPage","@id":"https:\/\/dexeg.de\/dev\/butzbach\/newsletter\/","url":"https:\/\/dexeg.de\/dev\/butzbach\/newsletter\/","name":"Newsletter - Butzbach","isPartOf":{"@id":"https:\/\/dexeg.de\/dev\/butzbach\/#website"},"datePublished":"2023-06-28T20:46:33+00:00","dateModified":"2023-07-13T07:07:37+00:00","breadcrumb":{"@id":"https:\/\/dexeg.de\/dev\/butzbach\/newsletter\/#breadcrumb"},"inLanguage":"de","potentialAction":[{"@type":"ReadAction","target":["https:\/\/dexeg.de\/dev\/butzbach\/newsletter\/"]}]},{"@type":"BreadcrumbList","@id":"https:\/\/dexeg.de\/dev\/butzbach\/newsletter\/#breadcrumb","itemListElement":[{"@type":"ListItem","position":1,"name":"Butzbach","item":"https:\/\/dexeg.de\/dev\/butzbach\/"},{"@type":"ListItem","position":2,"name":"Newsletter"}]},{"@type":"WebSite","@id":"https:\/\/dexeg.de\/dev\/butzbach\/#website","url":"https:\/\/dexeg.de\/dev\/butzbach\/","name":"Butzbach","description":"#weidigstadt","potentialAction":[{"@type":"SearchAction","target":{"@type":"EntryPoint","urlTemplate":"https:\/\/dexeg.de\/dev\/butzbach\/?s={search_term_string}"},"query-input":{"@type":"PropertyValueSpecification","valueRequired":true,"valueName":"search_term_string"}}],"inLanguage":"de"}]}},"_links":{"self":[{"href":"https:\/\/dexeg.de\/dev\/butzbach\/wp-json\/wp\/v2\/pages\/515","targetHints":{"allow":["GET"]}}],"collection":[{"href":"https:\/\/dexeg.de\/dev\/butzbach\/wp-json\/wp\/v2\/pages"}],"about":[{"href":"https:\/\/dexeg.de\/dev\/butzbach\/wp-json\/wp\/v2\/types\/page"}],"author":[{"embeddable":true,"href":"https:\/\/dexeg.de\/dev\/butzbach\/wp-json\/wp\/v2\/users\/1"}],"replies":[{"embeddable":true,"href":"https:\/\/dexeg.de\/dev\/butzbach\/wp-json\/wp\/v2\/comments?post=515"}],"version-history":[{"count":5,"href":"https:\/\/dexeg.de\/dev\/butzbach\/wp-json\/wp\/v2\/pages\/515\/revisions"}],"predecessor-version":[{"id":565,"href":"https:\/\/dexeg.de\/dev\/butzbach\/wp-json\/wp\/v2\/pages\/515\/revisions\/565"}],"wp:attachment":[{"href":"https:\/\/dexeg.de\/dev\/butzbach\/wp-json\/wp\/v2\/media?parent=515"}],"curies":[{"name":"wp","href":"https:\/\/api.w.org\/{rel}","templated":true}]}}